rs of z?
3, 881
Suppose 0 = -2*n + 3*i + 12, 2*n - 2*i = -0*i + 10. Suppose -5 + 26 = n*p. What are the prime factors of p?
7
Suppose -5*w + 12 = -23. Let v(h) = -h**2 + 2*h + 15. Let p be v(w). Let g = p + 45. List the prime factors of g.
5
Suppose -2*u = 3*c - 17, 5*u - 2*u = -6. Suppose c*v = 2*v + 380. What are the prime factors of v?
2, 19
Suppose 0 = 2*g - 4*h + 2*h - 772, h = -2*g + 787. List the prime factors of g.
17, 23
Let a = -1 - -124. What are the prime factors of a?
3, 41
Suppose -15 = -5*s, -7*j + 4*j + 3*s + 7344 = 0. What are the prime factors of j?
3, 19, 43
Let b(x) = -15*x + 14. Let m be b(-7). Let d = -26 + m. List the prime factors of d.
3, 31
Let b = -5 - -24. Suppose -7 = 6*n - b. What are the prime factors of n?
2
Let j be 6/57 + 2115/(-57). Let s = 49 - j. List the prime factors of s.
2, 43
Let j = 6751 - 4259. What are the prime factors of j?
2, 7, 89
Let y(o) = -2*o**3 - 11*o**2 + 7*o + 5. What are the prime factors of y(-10)?
5, 167
Let n(p) = -p**2. Let s(b) be the first derivative of b**3/3 + 13*b**2/2 + 11*b + 3. Let q(w) = 2*n(w) + s(w). What are the prime factors of q(12)?
23
Suppose -31*l = -22*l - 1737. What are the prime factors of l?
193
Suppose l + 6*u = 2*u - 16, 5*l - 4*u - 40 = 0. Suppose o + 4 = 0, -g - 422 = l*g - 2*o. Let i = -29 - g. What are the prime factors of i?
3, 19
Suppose 0 = 5*c - 18 + 3. Suppose 4*s - c*s = -d + 3, 2*s = 4*d. Suppose 4 = -s*j + 4*t + 132, t = 3*j - 167. List the prime factors of j.
2, 3
Let f be (-10 + 12)/(0 + -1). Let a(b) = 72*b**2 - b + 3. List the prime factors of a(f).
293
Let z(n) = n**2 - 13*n + 3. Let a be z(13). List the prime factors of a/(9/480) - 3.
157
Let j be 2/(8/(-14))*(5 + 1). Let u = j + 100. What are the prime factors of u?
79
Suppose -2*n - 2*n = -20. Suppose -903 + 211 = -4*f - 2*p, 865 = n*f - 2*p. What are the prime factors of f?
173
Suppose 0 = -3*l + 34 + 11. Suppose -l*m = -10*m - 10. Suppose o = -2*r + 39, m*o + 3*o - r - 162 = 0. What are the prime factors of o?
3, 11
Suppose -d - p + 1 = 0, -5*d = 2*p - 1 - 1. Suppose x = 5*v - 11 - 1, -2*x + 21 = -v. Let f = x - d. List the prime factors of f.
13
Suppose 89 = -4*n + 5*c - 174, 0 = 3*n - 2*c + 192. Let q = -26 - n. Suppose -2*p = 5*y - q, 5*y - 21 = 2*p + p. What are the prime factors of y?
2, 3
Suppose 76*g = 63*g + 7943. What are the prime factors of g?
13, 47
Suppose -5*a + 3*h = -13, 0*h = 3*a + h - 5. Let n be 0 - (6/(-3))/(-2). List the prime factors of (-129)/(-6) + n/a.
3, 7
Let o = -14 + -15. Let r = -87 - -29. Let m = o - r. List the prime factors of m.
29
Let m(n) = -20*n + 20. What are the prime factors of m(-10)?
2, 5, 11
Let u(v) = -3*v**2 + 123*v - 36. What are the prime factors of u(37)?
2, 3, 17
Let d = 58 - 30. Suppose y + 4*k = k - 4, -3*k + d = 5*y. List the prime factors of y.
2
Suppose 6*j = 2*j. Let n be 1 + (-2 - j - -1). List the prime factors of -5 + 7 - (-9 - n).
11
Let w(p) be the second derivative of -p**5/20 + p**4/12 + 5*p**3/6 - 3*p**2 - 5*p. Let q be w(3). Let d = q + 18. List the prime factors of d.
3
Let h(l) be the second derivative of l**5/20 - 23*l**4/12 - 19*l**3/6 - l**2 - 7*l. What are the prime factors of h(24)?
2, 59
Let g = -2 + 5. Suppose 2 = -g*q - 7. Let p(h) = -2*h**3 - 2*h**2 + 5*h + 2. List the prime factors of p(q).
23
Let h be 60/18 + 2/3. Suppose -2*p + 84 = x, -h*p + 238 = 3*x - 6. List the prime factors of x.
2, 19
Suppose 0 = -3*a - 7*f + 3*f + 1870, 1246 = 2*a + 2*f. What are the prime factors of a?
2, 311
Suppose 11 = 8*s - 29. Suppose -s - 391 = -4*c. List the prime factors of c.
3, 11
Let v = -78 + 66. List the prime factors of 90 + v/3 + 2.
2, 11
Let c = 1241 - 717. Suppose c = 4*f + 216. What are the prime factors of f?
7, 11
What are the prime factors of 5812/5 + 30/(-75)?
2, 7, 83
Let b(d) = 18*d + 15 + 23 - 18. List the prime factors of b(3).
2, 37
Let y = 4 + -8. Let q be ((-2)/y)/((-1)/(-4)). What are the prime factors of ((-30)/12)/((-1)/q)?
5
Let o(z) = -1059*z - 74. What are the prime factors of o(-5)?
23, 227
Let b(p) = -2*p - 24. Let f be b(-12). Suppose w + 0 - 15 = f. List the prime factors of w.
3, 5
Suppose 0 = f + 4*f - 2*w - 512, -4*w = 3*f - 328. What are the prime factors of f?
2, 13
Suppose 0 = -j + 5*a + 2 + 2, 5*j + 2*a - 20 = 0. Suppose -k - 2*k - 9 = 0. List the prime factors of j/2*10 + k.
17
Suppose 23*z - 48 = 26*z. List the prime factors of 15*(-2)/3*z/2.
2, 5
Let o = -10 + 0. Let x be (o/6)/(2/(-24)). Suppose -x = 6*l - 2*l, -5*z + l + 45 = 0. List the prime factors of z.
2
Suppose c + 6*i - 2429 = 9*i, -3*c + 7287 = -5*i. What are the prime factors of c?
7, 347
Let y = 28 - -356. List the prime factors of y.
2, 3
Let o = 3016 + -2981. What are the prime factors of o?
5, 7
Let t = -2317 + 3248. List the prime factors of t.
7, 19
Suppose p - 11 = -2*x + 30, p = 5*x - 92. Suppose 7*v - x = 9. Let a(o) = -o**3 + 4*o**2 + 7*o - 1. List the prime factors of a(v).
3
Suppose 5*a + 2*y + 19 = 0, -10 = 2*y + 3*y. Let z be (-3 + 2)/(a/6). Suppose 2*j = 6*h - z*h - 4, 0 = -5*j + 5*h + 15. What are the prime factors of j?
2
Let w(m) be the second derivative of -m**4/12 - 17*m**3/6 - m**2/2 - 5*m. List the prime factors of w(-13).
3, 17
Let c(q) = -q**3 - 4*q**2 + 3. Let d be c(-4). Suppose 28 = -z + f, d*f = -2*z + z - 44. List the prime factors of 4/z + (-562)/(-16).
5, 7
Let k(t) = 2*t**3 - 3*t**2 + t + 2301. What are the prime factors of k(0)?
3, 13, 59
Suppose 0 = -3*r + 3*h + 15, 10*r - h - 33 = 5*r. Suppose -n + r = 2, n + 7 = d. What are the prime factors of d?
2, 3
Let i = -361 - -508. Let d = 101 + i. What are the prime factors of d?
2, 31
Let i(m) = 6*m - 2. Let j be i(1). Suppose -d - 8 = 2*d + j*q, 0 = -4*d + q + 21. Suppose 4*c = 2*c + 3*t + 54, d*t = -c + 27. What are the prime factors of c?
3
Let d(x) = 97*x + 59. List the prime factors of d(9).
2, 233
Let n = -34 - 4. Let f = -6 - 65. Let b = n - f. List the prime factors of b.
3, 11
Let o(a) = -5*a + 10*a + 4 - 3 + 1. Let z be (-6)/(-3) + (-2 - -4). List the prime factors of o(z).
2, 11
Let a(g) = -48*g + 1875. List the prime factors of a(0).
3, 5
Let v = 918 - -1522. List the prime factors of v.
2, 5, 61
What are the prime factors of (-1724732)/(-1562) - 1/(-11)*-2?
2, 3, 23
What are the prime factors of (4 + -17)/(-2 - (-30)/18)?
3, 13
Let w = 383 + -271. What are the prime factors of w?
2, 7
Suppose -2*k - 4*a - 94 = -0*a, 0 = -k + 2*a - 59. Let l = 7 - k. List the prime factors of l.
2, 3, 5
Suppose -21*x = -20*x - 31. What are the prime factors of x?
31
What are the prime factors of (-2)/(-3) + (-1)/(21/(-14581))?
5, 139
Let j be 0 - (-4)/(8/10). Suppose -k + 1 = 0, 24 = j*p + 5*k + 4. List the prime factors of p.
3
Suppose 2*j - 7 + 1 = 0. Suppose 54 = v + 4*f, -4*v + j*f + 185 = -31. List the prime factors of (6/(-9))/((-4)/v).
3
Suppose y = 3*y + 8. Let t(k) = -4*k - 64*k**2 + 198*k**2 - 64*k**2 + 4 - 69*k**2. What are the prime factors of t(y)?
2, 3
Let z = 57 + 177. Suppose -2*g = 3*n - 5*g - z, 0 = 5*g + 10. What are the prime factors of n?
2, 19
Let x(b) be the third derivative of b**6/120 + b**5/5 + b**4/8 + 5*b**3/2 + 4*b**2. Let n be x(-12). Let v = n - -43. What are the prime factors of v?
2, 11
Suppose -16213 = 15*v - 20*v - h, h = 5*v - 16217. What are the prime factors of v?
3, 23, 47
Suppose 0 = -5*w - 3*l - l - 28, 5*w + 12 = 4*l. List the prime factors of (w/6*-3 - 6) + 174.
2, 5, 17
Let c = 6 + -6. Let q(h) = -3*h + 52. What are the prime factors of q(c)?
2, 13
Suppose 5*n = n + 4. Let o = 1 - n. Suppose -3*d = -o*d - 63. What are the prime factors of d?
3, 7
Let z(a) = 8*a**2 + 2*a - 13. What are the prime factors of z(9)?
653
Suppose 0 = 9*f + 190 - 298. List the prime factors of f.
2, 3
Let g(i) = 2*i + 2. Let w be g(-2). Let v be (-3)/w*400/30. Let m = -10 + v. What are the prime factors of m?
2, 5
Suppose -r + 6*a + 138 = a, -10 = -5*a. List the prime factors of r.
2, 37
Let b = -4 + 6. Suppose -4*z + 22 = b*q, 0 = -z - 3*q - q + 23. Suppose 0 = 4*m + 3*w - 93, -3*w + 71 = z*m - w. List the prime factors of m.
3
Let c(z) = -z**3 - 6*z**2 - 7*z - 1. Let k be c(-5). Suppose 0*a - 6*a = 0. Let p = a + k. List the prime factors of p.
3
Let o(w) = -w**3 + 4*w**2 + 2*w - 2. Let y be o(4). Suppose u - y - 159 = 2*a, -475 